e prime factors of q?
11, 17
Suppose 4*h - 12898 = 2034. What are the prime factors of h?
3733
Let h be (-5)/25 + (-21)/(-5). Suppose -f - 3*n = -3, h*n - 12 - 2 = 2*f. What are the prime factors of (1/f)/((-12)/180)?
5
Let y = 234 - 134. Suppose -6*w = -992 - y. List the prime factors of w.
2, 7, 13
Let t be (-2 - (-3 + 3))*-74. Suppose 4*r = t - 36. List the prime factors of r.
2, 7
Let z(x) = x**2 - 14*x + 25. Let t(f) = -4*f**2 + 41*f - 76. Let y(v) = 2*t(v) + 7*z(v). What are the prime factors of y(-17)?
2, 3
Suppose s = -4*s - 3*d + 1319, 0 = 5*s + 5*d - 1325. What are the prime factors of s?
2, 131
Suppose -1010 = -5*n - x, 3*n - 634 = 3*x + 2*x. Let f = n + -126. List the prime factors of f.
7, 11
Let h = 247 + 888. What are the prime factors of h?
5, 227
Let t be 5 - 3 - (-20 - 1). Let u = 32 + t. What are the prime factors of u?
5, 11
Let r(i) = 3*i**2 + 6*i - 8. Let g(y) = y**2 - y + 1. Let w(n) = 2*g(n) - r(n). Let s be w(-9). Suppose -7 + s = -z. List the prime factors of z.
2, 3
Let y be (2 + -2 + 1)*0. Suppose 0 = -a, -s + 39 = -y*s - a. List the prime factors of s.
3, 13
Let x = 8 - 2. Suppose -h + x = -22. Suppose -u = u - h. List the prime factors of u.
2, 7
Suppose 8*n - 19 = -3. Suppose 3*a = -4*r + 169, 0*r + 3*r - n*a - 131 = 0. List the prime factors of r.
43
Let z = 35 + -34. Suppose n + z = 8. Suppose -5*w - 100 = -n*w. What are the prime factors of w?
2, 5
Suppose -b - 2 = 1. Let j be b + (-3 + 3)/(-4). List the prime factors of (-6 + -2)*j/2.
2, 3
Let x(o) = -o**3 - 13*o**2 + 12*o - 26. Let b be x(-14). List the prime factors of 98/1 + 3 + b.
103
Let g(l) = 8*l - 10. Let w be g(7). Suppose -3*s = -s - w. Suppose s + 12 = 5*c. List the prime factors of c.
7
Suppose 545 = -2*y - 5*j + 1616, -2640 = -5*y - 5*j. List the prime factors of y.
523
Let o(h) = -h**3 - 9*h**2 + 9*h - 6. Let k be o(-10). Suppose v - 1 - 2 = 0. Suppose -7*t + 4*t + k*c = -115, 2*t = -v*c + 71. List the prime factors of t.
37
Suppose -4*d + 2214 = -5*q - 2619, -5*q - 3621 = -3*d. What are the prime factors of d?
2, 3, 101
Let i(r) = 14*r**2 + 2. Let b(l) = l**2 + 8*l + 2. Suppose -3*w - 32 = w. Let s be b(w). List the prime factors of i(s).
2, 29
Suppose 301*d - 1660 = 296*d. List the prime factors of d.
2, 83
List the prime factors of 1/(-20)*-3884 - 2/10.
2, 97
Suppose 0 = 17*a - 108893 + 39244. List the prime factors of a.
17, 241
Let b(l) = l**2 + 57*l + 134. List the prime factors of b(-61).
2, 3, 7
Suppose 2*b - 2*u - 33 = 105, -2*b = -4*u - 140. Suppose 0 = 3*f + 26 - b. List the prime factors of f.
2, 7
Let h(w) = w**3 - 4*w**2 - 4*w - 3. Let n be h(5). Let m = n + 8. Let t = 13 - m. What are the prime factors of t?
3
Let h(l) = 3*l**3 - 5*l**2 - 7*l + 13. Let a(g) = -2*g**3 + 2*g**2 + 3*g - 7. Let r(d) = 5*a(d) + 3*h(d). What are the prime factors of r(-8)?
2, 61
Suppose -9*c - 2130 = -6*c. What are the prime factors of ((-2)/(-10))/((-2)/c)?
71
Let b be 3/(2*3/440). Let g = -136 + b. What are the prime factors of g?
2, 3, 7
Let y(p) = p**3 + 6*p**2 - 2*p + 5. Let k = -4 + 7. Suppose 4 = -2*m, 18 = -0*g - 2*g - k*m. What are the prime factors of y(g)?
17
Suppose 5*i - 15 - 5 = 0. Suppose -3*b = -4*b - i*q + 163, 3*q = 5*b - 838. List the prime factors of b.
167
Suppose -2*h + 8 = l, 3*h + 3 = -0. List the prime factors of (-52)/l*(-10)/4.
13
Let x be (1 + 2/2)*(-1)/2. What are the prime factors of 97 + (-4 + 1)/x?
2, 5
Let j(d) = d**3 - 13*d**2 + 15*d + 4. Suppose 17*y - 120 = 7*y. What are the prime factors of j(y)?
2, 5
Let d = 8 - -26. Suppose -1615 = -d*s + 29*s. What are the prime factors of s?
17, 19
Let c(f) = -21 + 59*f - 30*f - 3. What are the prime factors of c(10)?
2, 7, 19
Suppose -41*g + 35162 + 3132 = 0. What are the prime factors of g?
2, 467
Let a(d) = -2*d + 18. Let r(q) = -q + 1. Let b(g) = a(g) - 3*r(g). Let s be b(-9). What are the prime factors of 60 + (3 - 1 - s)?
2, 7
Suppose -25 = -5*i + 2*b, 24 = 4*i - 2*i + 2*b. Let m(t) = -49 + 2*t + 20 + 20 + 13. What are the prime factors of m(i)?
2, 3
Suppose 0 = -4*p - 4*z + 5684, 4*p - 4*z = 2*p + 2830. What are the prime factors of p?
3, 11, 43
Suppose o = -4*g + 8208, -5*g - 58*o = -54*o - 10249. List the prime factors of g.
2053
Let d(k) = 6*k - 2. Let l be d(-1). List the prime factors of l/(-20)*(-3 + 133).
2, 13
Let l(s) = -16*s - 4. Suppose -6*r - 16 - 2 = 0. List the prime factors of l(r).
2, 11
Suppose 11*i - 1470 = 6*i. Let k = i + -52. List the prime factors of k.
2, 11
Let x(r) = 2*r + 14. Let c = 1 - -4. What are the prime factors of x(c)?
2, 3
Suppose -2*s = -s - 5*y + 16, s + 4*y = 11. List the prime factors of 6084/429 + (-18)/(-22) + s.
2, 7
Let z = -25 + 25. Suppose -x + 3*o - 7*o + 23 = z, -o - 17 = -3*x. Suppose x*y - 188 = 3*y. List the prime factors of y.
47
Suppose -6*c = -27*c + 1134. What are the prime factors of c?
2, 3
Let w(q) = -q**3 - q**2 - 3*q + 964. Let o be w(0). Suppose -2*t = -4*x - x + o, -4*x - 4*t = -788. What are the prime factors of x?
2, 97
Suppose -95 = -2*y - 29. Suppose -2*r + y = 1. Suppose 3*g - 21 - 52 = -5*f, -r = 4*g. List the prime factors of f.
17
Let x = 62 - 28. Suppose d - x = -4*p, 5*d - 42 = 2*p - 6*p. Suppose -p*c + 5 = -7*c. What are the prime factors of c?
5
Let o(a) = -578*a**3 + 3*a**2 + a. Let f be o(-1). Suppose -5*c = f - 160. Let l = 118 + c. List the prime factors of l.
2, 17
Let b = -2922 - -5583. What are the prime factors of b?
3, 887
Let c(q) = -3*q + q**3 + 2 + 3*q**2 + 0*q - 2*q + 1. List the prime factors of c(4).
5, 19
Suppose 0*a + 5*a = -2*o + 20, -a + 4 = 0. Suppose -4*n - 8 = o, -4*c - 2 = 3*n - 244. List the prime factors of c.
2, 31
Let n(h) = -h**3 + 6*h**2 + 4*h - 2. Let r be n(5). Suppose -125 = -3*o + 4*s + s, 2*s = o - r. What are the prime factors of o?
5, 7
Suppose 3*s + 1827 = 4*n, -2*s - 1690 - 136 = -4*n. Suppose 7*y + 3*w = 3*y + n, 0 = 5*y - 2*w - 570. Suppose 4*m = -10 + y. List the prime factors of m.
2, 13
Suppose -4*c = 4*k - 5 - 7, 5*k + 3 = c. Suppose -78 - 78 = -5*x - 4*l, -3*x - 5*l + 104 = 0. Suppose -x = -c*w - w. List the prime factors of w.
7
Let l be (-480)/(-9)*36/16. Suppose 3*z - l = z. Suppose 162 = 6*s - z. What are the prime factors of s?
37
Suppose -15*k + 320 = x - 12*k, 5*k = 5*x - 1700. List the prime factors of x.
5, 67
Suppose 4*s - 4*f = 2012, -3*s + 1871 = 4*f + 348. Suppose 5 = w, u + u - s = -5*w. List the prime factors of u.
2, 3, 5
Let c(l) = 4*l + 5*l - 25 - 3. What are the prime factors of c(5)?
17
Let z = -122 - -426. What are the prime factors of z?
2, 19
Let g be (0 - -3)/(-1) + 46. What are the prime factors of g + -4 - (0 + -1)?
2, 5
Let b = -6 - -12. What are the prime factors of (-5320)/(-42) + (-1)/(b/4)?
2, 3, 7
Let p(y) be the third derivative of y**4/12 + 35*y**3/6 - 11*y**2. What are the prime factors of p(-15)?
5
Let l(d) = -4*d**3 - 8*d**2 - 12*d + 1. Let b be l(-4). Suppose 17*m = 20*m - b. List the prime factors of m.
59
Let i be (2 - 0)*(2 - 0 - 0). Suppose 131 = i*u - 277. What are the prime factors of u?
2, 3, 17
Let z = 3646 - 1123. What are the prime factors of z?
3, 29
List the prime factors of 4/(-3) - (6 + (-127736)/42).
2, 37, 41
Let k(d) = -d**3 + 7*d**2 + 2*d - 10. Let x be 7 + 1/(-2)*1*0. What are the prime factors of k(x)?
2
Let o(m) = 2*m - 37. Let j be o(21). Suppose 4*x = 4*r - 116, -2*r = -j*r - 4*x + 94. What are the prime factors of r?
2, 3, 5
Let t be 18/(-30) - 146/(-10). Let u = t + -7. Let n = u - -29. What are the prime factors of n?
2, 3
Suppose 4*v = 16 - 4. Suppose 156 = v*s - 5*a + 35, 3*s = -a + 91. What are the prime factors of s?
2
Suppose 0 = -5*a - 2*d + 3060, 2*d + 1836 = 43*a - 40*a. List the prime factors of a.
2, 3, 17
Let g(b) = -7*b + 13. Let q(z) = z**2 - 7*z - 5. Let y be q(10). Let f = y + -31. List the prime factors of g(f).
5, 11
Suppose -4*u = -9*m + 10*m - 2264, -m = -5*u - 2255. List the prime factors of m.
2, 5, 113
Let n(f) = 2 + 8*f + 1 + 9 - 2. What are the prime factors of n(5)?
2, 5
Let l = -23 - -24. Suppose 8 + l = 3*c - 3*r, 27 = -c - 5*r. What are the prime factors of 67 + 4/c - 2?
3, 7
What are the prime factors of (-3)/(-2)*18/27 + 568?
569
Suppose s - 132 = -s - 2*n, -s + 66 = 3*n. Suppose 3*o - s = o. Let k = 76 - o. What are the prime factors of k?
43
Suppose 469 = 5*